{"id":70,"date":"2012-08-28T19:29:32","date_gmt":"2012-08-28T19:29:32","guid":{"rendered":"http:\/\/mtvbarnten.mt.funpic.de\/wordpress\/?page_id=70"},"modified":"2014-02-02T19:56:02","modified_gmt":"2014-02-02T19:56:02","slug":"mitglied-werden","status":"publish","type":"page","link":"https:\/\/mtv-barnten.de\/?page_id=70","title":{"rendered":"Mitglied werden"},"content":{"rendered":"<p>Herzlich willkommen und vielen Dank f\u00fcr dein Interresse am Sport in Barnten. Wir w\u00fcrden uns freuen, Dich als neues Mitglied im MTV Germania Barnten e.V. von 1906 begr\u00fc\u00dfen zu d\u00fcrfen. Mitglied werden im MTV Germania Barnten ist ganz leicht. Einfach nur das Eintrittsformular aus dem Downloadbereich runterladen, ausf\u00fcllen und absenden oder abgeben, bei Abteilungsleitern, \u00dcbungsleitern oder dem Vorstand.<\/p>\n<p>Die Mitgliedsbeitr\u00e4ge betragen gem\u00e4\u00df Beitragsordnung vom 25.01.2008:<br \/>\nKinder und Jugendliche 4,- \u20ac\/Monat<br \/>\nSch\u00fcler (ab 18. J.), Wehrpflichtige, Studenten<br \/>\n(Nachweis erforderlich) 4,- \u20ac\/Monat<br \/>\nErwachsene 6,- \u20ac\/Monat<br \/>\nEhepaare 9,- \u20ac\/Monat<br \/>\nFamilien 10,- \u20ac\/Monat<\/p>\n<p>Zus\u00e4tzlich zum oben aufgef\u00fchrten Grundbeitrag wird f\u00fcr aktive Erwachsene ein Aktivenbeitrag von j\u00e4hrlich 12,- \u20ac erhoben und ein Abteilungsbeitrag wie unten aufgef\u00fchrt.<\/p>\n<p>F\u00fcr den Mitgliedsbeitrag kann in allen Abteilungen Sport betrieben werden. Au\u00dferdem ist auch die Nutzung des Fitnesskellers im DGH m\u00f6glich.<\/p>\n<p>Weitere Informationen sowie die aktuelle Satzung des Vereins im Bereich Service\/Downloads.<\/p>\n","protected":false},"excerpt":{"rendered":"<p>Herzlich willkommen und vielen Dank f\u00fcr dein Interresse am Sport in Barnten. Wir w\u00fcrden uns freuen, Dich als neues Mitglied im MTV Germania Barnten e.V. von 1906 begr\u00fc\u00dfen zu d\u00fcrfen. Mitglied werden im MTV Germania Barnten ist ganz leicht. Einfach nur das Eintrittsformular aus dem Downloadbereich runterladen, ausf\u00fcllen und absenden oder abgeben, bei Abteilungsleitern, \u00dcbungsleitern [&hellip;]<\/p>\n","protected":false},"author":1,"featured_media":0,"parent":6,"menu_order":0,"comment_status":"closed","ping_status":"closed","template":"","meta":{"_crdt_document":"","footnotes":""},"class_list":["post-70","page","type-page","status-publish","hentry"],"_links":{"self":[{"href":"https:\/\/mtv-barnten.de\/index.php?rest_route=\/wp\/v2\/pages\/70","targetHints":{"allow":["GET"]}}],"collection":[{"href":"https:\/\/mtv-barnten.de\/index.php?rest_route=\/wp\/v2\/pages"}],"about":[{"href":"https:\/\/mtv-barnten.de\/index.php?rest_route=\/wp\/v2\/types\/page"}],"author":[{"embeddable":true,"href":"https:\/\/mtv-barnten.de\/index.php?rest_route=\/wp\/v2\/users\/1"}],"replies":[{"embeddable":true,"href":"https:\/\/mtv-barnten.de\/index.php?rest_route=%2Fwp%2Fv2%2Fcomments&post=70"}],"version-history":[{"count":5,"href":"https:\/\/mtv-barnten.de\/index.php?rest_route=\/wp\/v2\/pages\/70\/revisions"}],"predecessor-version":[{"id":356,"href":"https:\/\/mtv-barnten.de\/index.php?rest_route=\/wp\/v2\/pages\/70\/revisions\/356"}],"up":[{"embeddable":true,"href":"https:\/\/mtv-barnten.de\/index.php?rest_route=\/wp\/v2\/pages\/6"}],"wp:attachment":[{"href":"https:\/\/mtv-barnten.de\/index.php?rest_route=%2Fwp%2Fv2%2Fmedia&parent=70"}],"curies":[{"name":"wp","href":"https:\/\/api.w.org\/{rel}","templated":true}]}}