{"id":1330,"date":"2017-08-01T08:40:20","date_gmt":"2017-08-01T08:40:20","guid":{"rendered":"http:\/\/mtv-barnten.de\/?page_id=1330"},"modified":"2023-07-09T18:56:20","modified_gmt":"2023-07-09T18:56:20","slug":"karate","status":"publish","type":"page","link":"https:\/\/mtv-barnten.de\/?page_id=1330","title":{"rendered":"Karate"},"content":{"rendered":"<p><strong>KARATE<\/strong> &#8211; ein Sport f\u00fcr uns alle<br \/>\nOb Ausgleichssport, allgemeine Fitness oder Selbstverteidigung,<br \/>\nKarate er\u00f6ffnet allen Altersgruppen und Interessenlagen ein breites sportliches Bet\u00e4tigungsfeld.<\/p>\n<p>Karate ist nicht nur spannend f\u00fcr<strong> alt und jung.\u00a0<\/strong><br \/>\nDurch die Vielseitigkeit f\u00f6rdert Karate <strong>Gesundheit<\/strong> und<strong> Wohlbefinden<\/strong>.<\/p>\n<p>Anf\u00e4ngerkurse, die den Einstieg leicht machen:<br \/>\nStufe um Stufe wachsen <strong>Geschicklichkeit<\/strong> und <strong>Leistungsverm\u00f6gen<\/strong>.<\/p>\n<p>&nbsp;<\/p>\n<p><strong>Die aktuellen Trainingszeiten sind dem Hallenbelegungsplan unter Downloads einsehbar.<\/strong><\/p>\n","protected":false},"excerpt":{"rendered":"<p>KARATE &#8211; ein Sport f\u00fcr uns alle Ob Ausgleichssport, allgemeine Fitness oder Selbstverteidigung, Karate er\u00f6ffnet allen Altersgruppen und Interessenlagen ein breites sportliches Bet\u00e4tigungsfeld. Karate ist nicht nur spannend f\u00fcr alt und jung.\u00a0 Durch die Vielseitigkeit f\u00f6rdert Karate Gesundheit und Wohlbefinden. Anf\u00e4ngerkurse, die den Einstieg leicht machen: Stufe um Stufe wachsen Geschicklichkeit und Leistungsverm\u00f6gen. &nbsp; Die [&hellip;]<\/p>\n","protected":false},"author":1,"featured_media":0,"parent":8,"menu_order":0,"comment_status":"closed","ping_status":"closed","template":"","meta":{"_crdt_document":"","footnotes":""},"class_list":["post-1330","page","type-page","status-publish","hentry"],"_links":{"self":[{"href":"https:\/\/mtv-barnten.de\/index.php?rest_route=\/wp\/v2\/pages\/1330","targetHints":{"allow":["GET"]}}],"collection":[{"href":"https:\/\/mtv-barnten.de\/index.php?rest_route=\/wp\/v2\/pages"}],"about":[{"href":"https:\/\/mtv-barnten.de\/index.php?rest_route=\/wp\/v2\/types\/page"}],"author":[{"embeddable":true,"href":"https:\/\/mtv-barnten.de\/index.php?rest_route=\/wp\/v2\/users\/1"}],"replies":[{"embeddable":true,"href":"https:\/\/mtv-barnten.de\/index.php?rest_route=%2Fwp%2Fv2%2Fcomments&post=1330"}],"version-history":[{"count":8,"href":"https:\/\/mtv-barnten.de\/index.php?rest_route=\/wp\/v2\/pages\/1330\/revisions"}],"predecessor-version":[{"id":1698,"href":"https:\/\/mtv-barnten.de\/index.php?rest_route=\/wp\/v2\/pages\/1330\/revisions\/1698"}],"up":[{"embeddable":true,"href":"https:\/\/mtv-barnten.de\/index.php?rest_route=\/wp\/v2\/pages\/8"}],"wp:attachment":[{"href":"https:\/\/mtv-barnten.de\/index.php?rest_route=%2Fwp%2Fv2%2Fmedia&parent=1330"}],"curies":[{"name":"wp","href":"https:\/\/api.w.org\/{rel}","templated":true}]}}